 + 4*i + 5. Determine o(c).
-4
Let s(o) be the second derivative of o**5/4 - o**4/6 + o**2/2 - o. Give s(-1).
-6
Let z(b) = -25*b. Let o(g) = 21*g. Let x(s) = -6*o(s) - 5*z(s). Suppose -4*i = -2*i - 32. Suppose 3*t - 2*c - 8 = 2*c, -5*t + 4*c = -i. What is x(t)?
-4
Let d(r) = -2*r. Suppose -6*z - 4 = -2*z. Let a be 57 - z/1 - 2. Let k be (-4)/26 - a/(-26). Determine d(k).
-4
Let b(y) be the third derivative of y**6/120 - y**5/30 - 7*y**4/24 + 5*y**3/6 + 17*y**2. Calculate b(4).
9
Let z = -38 + 40. Let p(k) = -k - 1. Determine p(z).
-3
Let q(s) be the second derivative of 2*s**3/3 + 2*s**2 + s. Suppose -29 = -39*o - 146. Determine q(o).
-8
Let x(c) = 4*c + 12 - 9 - 6. Calculate x(3).
9
Let i(b) = -b**3 + 3*b**2 + 4*b - 3. Let c = 4 + -8. Let a = c - -8. Determine i(a).
-3
Let a(r) = -2*r. Let b = 5 - 5. Let j = b + 3. Let g = 6 - j. Give a(g).
-6
Let l(w) be the second derivative of -1/20*w**5 + 10*w + 0 + 2/3*w**3 + 1/4*w**4 + w**2. Calculate l(-2).
14
Let b(d) = -3*d**2 + 2*d + 7. Let r(w) = -2*w**2 + w + 6. Let x(t) = -3*b(t) + 4*r(t). Determine x(3).
6
Let u(y) = 0 + 4*y**3 + y**2 + 125*y - 124*y - 1. Calculate u(1).
5
Let v(b) = -b**2. Suppose 0 = 2*k + 3*w - 5*w + 4, -5*k - 3*w = -6. Give v(k).
0
Let g be -2*1 - (-1 + -4). Let m(b) = -b**3 - 1 + 4*b - 2 + 2*b**3 - g*b**2. Determine m(2).
1
Let x(p) = p**2 + p - 8. Let j(o) = -o**2 - o + 1. Let r(h) = 2*j(h) + x(h). Suppose -7 = -f - 7. What is r(f)?
-6
Let m(f) = -3*f**2 + 5*f**2 + 2*f**2 + 9 + 5*f. Let c(a) = -a**2 - 1. Let w(b) = 3*c(b) + m(b). Calculate w(-5).
6
Let c = -8 - -13. Let o(r) = -6*r + 4. Let d(t) = -5*t + 3. Let i(x) = -4*d(x) + 3*o(x). Calculate i(c).
10
Suppose w - j = 6, 3*w - 13 - 5 = j. Let c(f) = 4*f - 4. Let r(p) = 3*p - 3. Let v(y) = -4*c(y) + 5*r(y). Determine v(w).
-5
Let o(c) = -9*c + 7. Let s(q) = -5*q + 4. Let y = -23 + 32. Let x be ((-6)/y)/(2/9). Let t(j) = x*o(j) + 5*s(j). Give t(4).
7
Let j(p) = 3*p**2 + 3*p - 1. Let s be j(-3). Suppose z + 0*z = -5*b + 13, 4*b + 3*z - s = 0. Let v(d) = 3 + b*d - 3 + 0 + 1. Give v(-1).
-1
Let n be (-30)/2*(-3)/(-9). Let m(d) = -d + 7. Let j(y) = y - 5. Let p(z) = n*m(z) - 7*j(z). Determine p(4).
-8
Let s(n) = -3*n + 3. Let v(w) = w - 6. Suppose -3*a + 16 + 2 = 0. Let q be v(a). Suppose m + 3*b - 5 = 0, 7 = 4*m - q*m - b. What is s(m)?
-3
Let h(c) = -c + 4. Let f = 8 + -16. Let t be 1/(-2)*f/2. Let k be (0/1)/t + 0. Give h(k).
4
Let w(p) = -p**2 - 8*p - 5. Suppose 5*t = 4*v + 8, 4*v + 4 + 0 = 4*t. Suppose x - 16 = t*x - 2*k, -3 = 3*k. Determine w(x).
7
Let i(w) be the first derivative of -w**3/3 - w**2 - 3. Let x be i(0). Let k(y) = y**3 + y**2 - y + 2. What is k(x)?
2
Let v(t) = 9*t - 1. Let r(n) = n**3 - 1. Let o be 0/((3 + -5)/1). Let m be r(o). What is v(m)?
-10
Let b(q) = q**2 - 3*q - 5. Let v be 38/10 - (-3)/15. Suppose -61 = -3*s + d, -3*s - d + 56 = 3*d. Suppose 0 = j + v*j - s. Give b(j).
-1
Let z = 3 + 3. Let x be ((-2)/4)/((-3)/z). Let o(r) = 41*r + 5. Let g(p) = -10*p - 1. Let f(w) = -9*g(w) - 2*o(w). What is f(x)?
7
Suppose -19 + 9 = 5*g. Let m(a) = a**3 - 2*a**2 - 4*a - 3. Give m(g).
-11
Suppose 0*w + 4*w - 12 = 0. Let r(x) = 4 + 3*x**3 + 0*x - w*x**2 - 2*x**3 + 0*x. What is r(3)?
4
Let x(o) be the third derivative of -o**5/60 + o**4/24 + o**3/6 + o**2 - 11*o. Give x(-2).
-5
Let t(o) be the third derivative of o**6/15 - o**5/60 + o**4/12 - o**3/6 - 106*o**2. Suppose -8 = 2*c, 0*b = -b + c + 2. Let i be 1*(b + 2 + 1). Give t(i).
8
Let r(t) = -t + 5. Let q be (-6)/36 + 1/6. Determine r(q).
5
Let f(h) = 5*h - h + 1 - 5*h. What is f(5)?
-4
Let t(i) be the second derivative of -i**5/20 - i**4/12 + i**3/6 - i**2/2 - 7*i. Determine t(-2).
1
Let k(t) = 2*t + 9. Suppose 5*z + 15 = -4*w - 12, 10 = 5*w. Determine k(z).
-5
Suppose -w = -2*w + 4. Suppose -2*c + 3*c = w. Let u(y) = -y**2 + 4*y + 4. Calculate u(c).
4
Let j(l) = -3*l - 3. Suppose 3*g + 0 = -9. What is j(g)?
6
Let c(x) = -x - 17. Let y(p) = -2*p - 42. Suppose -z + 36 = 2*z. Let g(o) = z*c(o) - 5*y(o). Calculate g(5).
-4
Suppose -m + 4*m = 9. Suppose m*c - 4 = c. Let j(t) = -4 + t**2 - 5*t - c - 2*t**2. Determine j(-5).
-6
Let v(n) = n**2 + n. Let c(r) = -r**3 + 7*r**2 + 6*r - 3. Let m(d) = -c(d) + 6*v(d). Let s be m(0). Let w(y) = y - 2 - 6 - 2*y + s. What is w(-5)?
0
Let k(y) be the first derivative of y**4/4 - 2*y**3/3 - 7*y**2/2 + 6*y + 1. Determine k(4).
10
Let u(m) = -39*m + 42*m + 1 - 1. Give u(2).
6
Let d(y) = y**2 + 11*y + 1. Let g be d(-11). Let k(m) = 13*m**2 - 1. Give k(g).
12
Let y(n) be the first derivative of -n**7/168 + n**4/24 + 8*n**3/3 + 7. Let f(o) be the third derivative of y(o). What is f(1)?
-4
Let k(s) = -s - 50. Let v be k(-48). Let m(l) be the second derivative of -l**3/3 - l**2 + l. Calculate m(v).
2
Let u(w) = -15*w**2 + w - 4. Let m(b) = -29*b**2 + 2*b - 7. Let n(c) = 3*m(c) - 5*u(c). Calculate n(1).
-12
Let n(b) = -b + 3*b + 3*b - 1 - 6*b. Suppose -5*t = -2*t - 15. Let j be (-1)/(-1)*(t - 0). Give n(j).
-6
Let k(i) = i - 1. Let g be 6/4*2*-3. Let n be (-2 + 1)*-2 + -6. Let b = g - n. Determine k(b).
-6
Suppose -d = -q - 0*d, 0 = 2*q + 2*d - 12. Let b(m) = 4 + 0*m - 3 - m. Let s(j) = -3*j + 3. Let h(a) = -12*b(a) + 5*s(a). What is h(q)?
-6
Let m = 13 + -9. Let j(p) = 11 - m + p**2 - p**2 + p**2 - 8*p. Let o be j(6). Let y(s) = s**3 + 6*s**2 + 3*s - 5. Give y(o).
5
Let y = -2 - -2. Let x(w) = w**2 + w - 1. Let g be x(y). Let o(l) = -2*l. Determine o(g).
2
Let o(k) be the first derivative of 3*k**2/2 - k + 4. What is o(-2)?
-7
Suppose -4*c + 2 + 1 = a, -2*c = 5*a + 21. Let u be (c*6)/(3/(-2)). Let y = -4 - u. Let g(x) = x**3 - 3*x**2 - 6*x + 2. Give g(y).
-6
Let x(g) = -g**2 - 4*g - 3. Let d be (3 + 0 - 3)/(-3). Let z = -3 + d. Determine x(z).
0
Suppose s = -2 + 7. Let m(u) = -3 - 2*u**3 - 2*u**3 - 3*u**2 + s*u**3. Suppose -4*p = p - 15. Calculate m(p).
-3
Let x(m) = m - 3*m**2 - 3*m**2 - m**2 - m**3 + 5 - 14. Determine x(-7).
-16
Let s(n) be the second derivative of -n**4/6 + n**3/6 + 2*n. Let c be -2*2/3*-3. Let t = 2 - c. What is s(t)?
-10
Let v be -1*(-4 - 3) + -4. Let l(s) = 5*s - 3. Determine l(v).
12
Let v(n) be the first derivative of n**3/3 - 5*n**2/2 + 6*n - 1. Suppose -21 - 11 = -4*d. Suppose 0 = 5*s - 3*s - d. What is v(s)?
2
Let c(r) be the third derivative of -r**5/60 - 7*r**4/24 + 2*r**3/3 + 11*r**2. What is c(-8)?
-4
Let x(m) = 2*m**2 + m + 1. Suppose -5*c - 52 = -4*v, c = -3*v - 1 + 21. Suppose 4*p - 4 = -v. What is x(p)?
2
Let m(i) = 6*i**3 - i. Let n = 12 - -2. Suppose 0 = -3*h + 2*h - 4*x - 11, -h = 5*x + n. What is m(h)?
5
Let u be 2/(-7) + (-46)/(-14). Let s(n) = -2*n + 37 - 38 - u*n. Determine s(-1).
4
Let l(t) = 2*t**2 + 7*t + 5. Let x(a) = 3*a**2 + 11*a + 8. Let g(r) = -8*l(r) + 5*x(r). What is g(2)?
-6
Let d(n) = n**2 - 2*n - 2. Let o be (1 - 1)*3/(-6). Suppose 2*j + j = o. Suppose 3*i + j - 9 = 0. Give d(i).
1
Let b(q) = q**3 - q**2. Let n(x) = -5*x**3 + 7*x**2 + 5*x - 3. Let h(m) = -4*b(m) - n(m). Suppose -9 = -5*d + 11. What is h(d)?
-1
Let n be 3 + (-1 - (-2 + 2)). Let b(t) be the first derivative of n*t + 1/2*t**2 + 1. What is b(-3)?
-1
Let v(c) = -c**2 - c - 2. Suppose 14 - 4 = 2*n. Suppose 2*f + 3*w + 9 = 0, -3*w + 2 = -n*w. Give v(f).
-8
Let d(l) = l + 4. Let z(a) = -a + 2. Suppose 34 = 5*n - c, 5*n - 17 = 3*c + 25. Let w = 4 - n. Let i be z(w). What is d(i)?
8
Let l(b) = -5*b**2 - 11*b - 5. Let t(x) = 4*x**2 + 10*x + 5. Let j(u) = -3*l(u) - 4*t(u). Give j(-6).
1
Let v(b) = b**2 - 11*b + 2. Let n = 54 - 37. Let p = 28 - n. Let f be v(p). Let z(d) = -2*d**2 + 2*d - 1. Determine z(f).
-5
Let o(g) = 903 - 1801 + 7*g + 899. Suppose 0 = -2*c - 0 + 2. Calculate o(c).
8
Let n(x) = x**2 + 11*x + 13. Let j be n(-10). Suppose j*y = -12 - 0. Let p(k) = -k - 4. What is p(y)?
0
Let r(q) = -q**3 - q**2 + q - 1. Let i(b) = 7*b**3 + 12*b**2 - 2*b + 8. Let c(f) = -i(f) - 6*r(f). What is c(-5)?
-7
Suppose 5*b - q = 48 - 121, -4*q = -5*b - 82. Let a = -18 - b. Let t(d) = d + 6. Calculate t(a).
2
Let b(h) = 14*h + 54. Let z be b(-4). Let x(s) = 2*s**2 - 8*s - 11. Let u(v) = -3*v**2 + 12*v + 16. Let c(f) = -5*u(f) - 7*x(f). Calculate c(z).
9
Let k(x) = -9*x + 3. Let l = 29 + -26. Give k(l).
-24
Let n(w) = 2*w - 8. Let k(h) = -3*h + 16. Let l(i) = 3*k(i) + 5*n(i). Calculate l(-5).
3
Let j(s) = -s**2 + 3*s + 5. Let p b